ate -16 - (3 - 13) - -11.
5
Evaluate 4 + -8 + 37 + 5 + -14.
24
Evaluate -14 + 100 - 34 - 28.
24
Calculate (35 - 25) + 15 - 1.
24
-34 - (-12 + -12) - (-4 + 0)
-6
What is 5 + -2 + 4 - (-13 + 27 - 6)?
-1
What is -21 + (7 - -8) + 0?
-6
(-22 - -27) + -24 + 2
-17
What is 1 + (15 - 3 - (-7 + 14) - 6)?
0
Evaluate -10 - (-8 + 4 - 2 - -4).
-8
What is 10 + (13 - 11) + -14?
-2
Calculate 1 + -22 - (-92 - -75).
-4
What is 14 + (-26 - (15 + -13))?
-14
24 - 27 - (-2 + -3 + 18 + 6)
-22
135 + -127 + -1 + -5
2
What is the value of -7 + -12 + -6 + (-2 - -31) + 7?
11
What is -29 + 3 + (9 - -4) + 24?
11
Calculate 11 + -50 + 38 + -19.
-20
What is the value of -4 + 42 - 40 - -24?
22
Evaluate -11 + 15 + -9 + -13 - 15.
-33
What is 1 + 2 - (13 - (-8 + (-17 - -23)))?
-12
What is -24 + 24 + -4 - 1?
-5
7 + (-5 - -6 - -3 - 1) + -26
-16
What is 5 - (7 + -8) - (-1 - (5 + -4))?
8
Calculate -17 + 5 + (-34 - -22).
-24
What is the value of (7 - (-6 - (-7 + -16))) + 33?
23
What is 39 - (78 - 4) - -9?
-26
(1 + (0 - -11) - 13) + -12
-13
Calculate (9 - (-5 - -4 - -3)) + -4.
3
What is the value of (-113 + 55 - -66) + (0 - 19)?
-11
Evaluate (-12 - 15 - -30) + -9.
-6
What is the value of 13 - (15 + -16 + 15)?
-1
0 + 9 + (-5 - -11)
15
What is 128 + -116 - (1 - -10)?
1
What is 21 - (17 + 7) - (1 - -4)?
-8
What is 12 - (0 + 12 + -12 + 10)?
2
11 + (-5 - 10) + -9 + 8 + 4
-1
Calculate -27 - (-20 - (6 + -17 - 13)).
-31
Calculate -1 + 3 + -8 + (17 + -14 - 11).
-14
What is the value of (9 - 2) + (-134 - -138)?
11
Calculate 4 + (8 - -21) - 12.
21
What is the value of (-10 - -26) + -10 + -2 + -3 + 3?
4
Evaluate 4 + (-1 - -1) + 1 + (272 - 268).
9
Calculate 2 + 8 - 4 - (-7 + 2 + 1).
10
Calculate (158 - 124) + (-16 - 2).
16
What is 3 + -3 + 4 + -3 + -3?
-2
Calculate -1 + (-4 + -3 - (-8 + -6)) + -21.
-15
Evaluate 0 + 3 - (-13 + 4 - -11) - -4.
5
Evaluate 32 + (-10 - 4) - 1.
17
What is the value of 11 - -1 - (10 - 1)?
3
Calculate -24 + 26 - -14 - (7 - 1).
10
What is -24 + 10 + -8 - -9?
-13
What is 25 + -9 + (-24 - 4)?
-12
(12 - -5) + 4 - 10
11
What is the value of -1 - -7 - (-19 - -18 - (-6 - 0))?
1
Evaluate -6 - (13 - 2) - -17.
0
Evaluate -38 - -30 - (-2 + (1 - (-8 + -1))).
-16
What is -15 - (1 + -6 + -6)?
-4
What is the value of 11 - (6 - (2 - (-8 + 11 + -5)))?
9
-37 - (10 - (35 - 18))
-30
Calculate -1 - (-2 + -4 + 3 + (7 - 0)).
-5
What is 18 - (-13 + (9 - -11))?
11
Calculate -33 + -1 + 3 - (0 + -12).
-19
(91 - 74) + (-8 - (-1 + 1))
9
What is the value of 0 - (-1 + 5 + -15) - (2 + 3)?
6
Evaluate -14 + (7 - -16) - (2 - (-1 + 0)).
6
(5 - (-19 + 5)) + -11
8
Evaluate -26 - (6 - (79 - 36)).
11
Calculate -24 + (42 + -16 - -18).
20
(8 - 2) + 3 + (10 - (-41 + 35))
25
Evaluate -56 + 0 + (39 - 21).
-38
Calculate (23 - 7) + -16 + (-1 - 5).
-6
What is -1 + -6 + (11 - (-17 + 20))?
1
Evaluate 8 - (-353 + 360 - ((0 - 1) + 1)).
1
Evaluate -6 + 3 + 15 + 126 + -141.
-3
What is the value of -7 - (8 + -14 + 10 - 7) - 4?
-8
What is (-6 - -5) + (-14 + 7 - -1)?
-7
What is the value of -1 - -13 - (2 - -3 - (-140 - -148))?
15
Calculate 9 - 1 - 2 - (-4 - -17).
-7
Calculate 14 - (-38 + 113 + -38).
-23
What is the value of 0 + -1 - ((0 - -23) + -16)?
-8
26 + -12 + -13 + 12
13
Evaluate -23 - (-3 + -4) - -15.
-1
Evaluate (3 - 2 - (1 + 6)) + 0.
-6
Evaluate (23 + -1 - 4) + -239 + 233.
12
-25 + 23 + -33 - -14
-21
Evaluate -2 - (-2 + 1 + 7 - (-12 + 35)).
15
Calculate (-2 + -9 - (33 + -29)) + 2 + 6.
-7
-26 + 18 + (-2 - (2 - 4))
-8
What is the value of 0 + 11 + (-2 - (1 + -2))?
10
What is (60 - 66) + (16 - -8)?
18
What is 15 - 2 - (11 - -4 - 9) - 10?
-3
-9 - (-5 + (-19 - 1))
16
Calculate -42 + 39 + (4 - (8 - 0)).
-7
Calculate (1624 - 1589) + 1 + -27.
9
Evaluate (-2 - 4) + -7 + -17 + 11.
-19
What is -5 + 0 - (0 + 13 + -14 + -2)?
-2
What is the value of -19 + 22 + 19 - 17?
5
What is 4 + -4 - (-8 - -20)?
-12
0 - 2 - (-8 - (9 - 7))
8
Calculate (9 - (4 - (0 + 6) - -20)) + -1.
-10
What is the value of (7 - 66) + 28 + 13?
-18
What is 12 - 19 - ((-8 - -2) + 1)?
-2
Evaluate -33 + 38 + (-1 + 1 - 2).
3
Evaluate -41 - (-136 + 35 + 25).
35
-5 + 7 + (1 + -5 - -8) + 5
11
What is 13 + (8 + -16 - -1) + -12?
-6
What is -3 - (-4 + 5 + -3 + (-1 - -7))?
-7
What is the value of -1 + 28 - 10 - 12?
5
What is the value of 7 + (-5 - -2) + -5 + 1?
0
What is -6 + -2 + -11 + 6?
-13
What is 10 + (7 + -14 - 12) + -15?
-24
-34 - (-14 - 0) - 11 - (0 + -11)
-20
Evaluate 39 - ((-7 + (9 - 2) - -8) + 3).
28
Calculate 3 + (-20 - (-10 - 5)) - (-1 + -12).
11
What is the value of -7 - (-5 + (1 - -2) + -3)?
-2
12 - (34 + -20) - (1 - 7)
4
Evaluate (-24 - -14 - ((4 - -1) + 1)) + 6.
-10
What is -7 + 1 + (7 - (8 - (-4 + 19)))?
8
What is the value of (0 - -4) + (-19 - (-3 + 6 + -12))?
-6
Evaluate -1 + 7 + (3 - (8 + -6)) + 1.
8
Evaluate (-10 - -25) + -22 + 15.
8
What is (-7 - (3 + -9 + 5)) + 1 + 27?
22
What is (21 - 15) + (12 - 7)?
11
Calculate 4 - 3 - (10 + 6 + -19).
4
5 - (-18 - (-14 + 4))
13
(1 - -3 - (22 - (13 - 0))) + 5
0
Evaluate (-26 - 3 - -9 - -12) + 14.
6
What is -17 - (-12 - (-11 + 16 + (-1 - 7)))?
-8
What is the value of -4 + 6 + -2 + 0 + -3 - -4?
1
-5 + -1 + (15 - 15) + 0
-6
Calculate (-39 - -86) + -3 + -20.
24
-2 + (-3 - -1) + 12 - (-7 + 3)
12
Evaluate (-10 - -5) + (0 - 1) - -2.
-4
What is the value of (4 - -4) + (0 + 10 - 0)?
18
Evaluate 1 + (-5 + 4 - -4) + -25 + 7.
-14
What is the value of 10 - (1 - (-14 - 0) - -6)?
-11
What is -3 + (-9 - (-1 + -15 - 4))?
8
What is 16 + (-50 - 0 - -24)?
-10
-1 + 23 + -11 + -8
3
What is -24 - -50 - 31 - (-4 - 0)?
-1
What is the value of (4 - 19) + -14 + 14?
-15
Evaluate -12 + -13 + 25 - -8.
8
Evaluate 5 + 9 + -23 + 1 + (-2 - -3).
-7
What is -24 - (6 + -10 + 1 + -39 + 38)?
-20
What is -1 + -6 - 0 - ((2 - -20) + -41)?
12
What is -7 - ((-11 - -2) + 13)?
-11
Calculate 3 - ((5 - (-7 + 13)) + -1 - -30).
-25
What is the value of (15 - -19) + (-5 - 1) - 13?
15
Evaluate 15 + 39 - 45 - (0 - 4).
13
1 + 0 + 0 - (16 - (26 + -30))
-19
What is -18 + (3 - 9) + 50 + -43?
-17
Evaluate -11 + (14 + 20 - 18).
5
What is -12 + (19 - -8) + -10?
5
What is -8 + (49 - 14) + -22?
5
-3 - ((-1 - 1) + -9 + 0)
8
-2 + -2 - (-13 + 10 - 5)
4
19 + (8 + 7 + -6 - 14)
14
Evaluate 11 - 27 - (-20 - -22).
-18
What is the value of -2 + 0 + (-77 - -76)?
-3
What is the value of 6 - (6 + (12 - 7))?
-5
Calculate -1 + (-4 - (-1 + -1) - (2 - 3)).
-2
-30 - (17 - (22 - -8))
-17
Evaluate (-16 + -26 - -23) + 9.
-10
Evaluate (-18 - -18) + (7 - 4) - 12.
-9
What is the value of -2 + 1 - (22 - -3) - (-98 + 93)?
-21
4 + 4 + -11 + -12 + 5
-10
What is the value of -6 - (29 + -24 - 25)?
14
-5 - ((14 - (7 + 0)) + -3)
-9
What is the value of -2 - (0 - 2) - (76 + -69)?
-7
What is -53 + 43 - (2 + 9)?
-21
Calculate 39 + 0 + -18 + (8 - -2).
31
What is -21 + (87 - 48) - (40 + 1)?
-23
Calculate 9 + -8 + -16 + 11 - 5.
-9
What is the value of -9 + 19 - (47 + (-5 + -10 - -6))?
-28
What is the value of -6 - 1 - (8 + -39)?
24
What is -13 - (22 + 2 - 46)?
9
What is the value of 4 + (-3 + 1 - (2 + 0 + -12))?
12
What is (-1 - 1) + 0 + 15 + 31 + -25?
19
Evaluate -16 + (-4 - (-8 - 10)) - -22.
20
Calculate -22 - (12 + -7 + (2 - 1)).
-28
Calculate 47 - 15 - (64 + -40).
8
Calculate (-3 + 13 - 10) + 8 + 5.
13
1 + 5 + -22 + 4 + -4
-16
Calculate -99 - -96 - (-9 + -2).
8
7 + -34 - (4 + -8 - -4)
-27
Calculate 3 + 6 + (-8 - -2) + 2.
5
-12 + -2 + -3 + 13 + -2
-6
Calculate (9 - (9 - 5)) + -3 - -4.
6
Calculate 51 - (5 + 28) - (40 + 0).
-22
Evaluate (1 - -6) + -6 + 12 - (2 + 3).
8
What is the value of 16 + (-23 + -24 - -8)?
-23
(-20 - -3) + (-8 - -17)
-8
What is 21 - 36 - (-21 + 14 - (-2 - 3))?
-13
Calculate 43 + -84 + (17 - -25).
1
What is 21 - (9 + 2 + 4)?
6
13 - 2 - (-221 + 239)
-7
Evaluate -27 + (10 - -1) + (-7 - 3).
-26
Evaluate 3 + -6 + (2 - (5 + -3)) + 6.
3
Calculate 4 - 2 - ((-3 - -2) + 5).
-2
What is -18 + -9 + -6 + 39?
6
3 + (-23 - (-6 - (1 - 1))) + -5
-19
3 - (8 - (-3 - 3))
-11
What is 4 - ((5 - 0) + -1 + -4 + 6)?
-2
What is -5 - (-9 + -12) - (30 + 12)?
-26
Evaluate 2 + 0 + 21 - (1 + -1).
23
What is the value of 6 + 6 + 7 + 0 + -37?
-18
What is (-49 - -54) + 5 + -1?
9
14 - (11 - (-8 + 9))
4
What is the value of -31 - (10 - (12 - -16))?
-13
What is -18 - 2 - -26 - (1 - (-19 - 0))?
-14
(30 - 7) + -18 - (-15 - (-2 + -2))
16
What is (-30 - -21) + (3 - -12) + 0?
6
Calculate -3 + -1 - (-12 + -3 + 6).
5
Evaluate 14 + 